{"id":2013,"date":"2018-12-10T18:39:09","date_gmt":"2018-12-10T18:39:09","guid":{"rendered":"http:\/\/chiro-siegburg.de\/?page_id=2013"},"modified":"2019-03-19T08:39:30","modified_gmt":"2019-03-19T08:39:30","slug":"faq","status":"publish","type":"page","link":"https:\/\/chiro-siegburg.de\/?page_id=2013","title":{"rendered":"Fragen"},"content":{"rendered":"<section class=\"l-section wpb_row height_medium\"><div class=\"l-section-h i-cf\"><div class=\"g-cols vc_row type_default valign_top\"><div class=\"vc_col-sm-12 wpb_column vc_column_container\"><div class=\"vc_column-inner\"><div class=\"wpb_wrapper\"><div class=\"w-tabs style_default switch_click accordion title_atleft icon_chevron iconpos_right \"><div class=\"w-tabs-list items_8\"><div class=\"w-tabs-list-h\"><div class=\"w-tabs-item\"><div class=\"w-tabs-item-h\"><span class=\"w-tabs-item-title\">Wer tr\u00e4gt die Kosten der Behandlung?<\/span><\/div><\/div><div class=\"w-tabs-item\"><div class=\"w-tabs-item-h\"><span class=\"w-tabs-item-title\">Braucht man eine \u00dcberweisung?<\/span><\/div><\/div><div class=\"w-tabs-item\"><div class=\"w-tabs-item-h\"><span class=\"w-tabs-item-title\">Warum kann es bei einer Behandlung ``knacksen``?<\/span><\/div><\/div><div class=\"w-tabs-item\"><div class=\"w-tabs-item-h\"><span class=\"w-tabs-item-title\">K\u00f6nnen Gelenke ``ausleiern``?<\/span><\/div><\/div><div class=\"w-tabs-item\"><div class=\"w-tabs-item-h\"><span class=\"w-tabs-item-title\">Tut die Behandlung weh?<\/span><\/div><\/div><div class=\"w-tabs-item\"><div class=\"w-tabs-item-h\"><span class=\"w-tabs-item-title\">Was sind die Nebenwirkungen der Behandlung?<\/span><\/div><\/div><div class=\"w-tabs-item\"><div class=\"w-tabs-item-h\"><span class=\"w-tabs-item-title\">Welche Risiken bestehen w\u00e4hrend der Behandlung?<\/span><\/div><\/div><div class=\"w-tabs-item\"><div class=\"w-tabs-item-h\"><span class=\"w-tabs-item-title\">Wie viele Behandlungen sind n\u00f6tig?<\/span><\/div><\/div><\/div><\/div><div class=\"w-tabs-sections\"><div class=\"w-tabs-sections-h\"><div class=\"w-tabs-section\" id=\"1544466821383-86ae052c-83f8\"><a href=\"#1544466821383-86ae052c-83f8\" class=\"w-tabs-section-header\" style=\"font-size:30;\"><div class=\"w-tabs-section-header-h\"><div class=\"w-tabs-section-title\">Wer tr\u00e4gt die Kosten der Behandlung?<\/div><div class=\"w-tabs-section-control\"><\/div><\/div><\/a><div class=\"w-tabs-section-content\"><div class=\"w-tabs-section-content-h i-cf\">\r\n\t<div class=\"wpb_text_column \">\r\n\t\t<div class=\"wpb_wrapper\">\r\n\t\t\t<p>Wir rechnen nach der Geb\u00fchrenordnung f\u00fcr Heilpraktiker (Geb\u00fcH) ab. Gesetzliche Krankenkassen \u00fcbernehmen die Kosten f\u00fcr chiropraktische Behandlungen in der Regel nicht. Private Krankenversicherungen oder Zusatzversicherungen f\u00fcr Heilpraktikerleistungen \u00fcbernehmen die Kosten h\u00e4ufig ganz oder teilweise (je nach individuellem VersicherungsTarif). Eine 100 %ige Erstattung k\u00f6nnen wir daher nicht garantieren.<\/p>\n<p>Steuerpflichtige und gesetzlich versicherte Patienten k\u00f6nnen die Kosten in der Regel als Gesundheitskosten bzw. \u201eau\u00dfergew\u00f6hnliche Belastungen\u201c in der Steuererkl\u00e4rung angeben.<\/p>\n\r\n\t\t<\/div>\r\n\t<\/div>\r\n<\/div><\/div><\/div><div class=\"w-tabs-section\" id=\"1544466821402-8e3f6695-1800\"><a href=\"#1544466821402-8e3f6695-1800\" class=\"w-tabs-section-header\" style=\"font-size:30;\"><div class=\"w-tabs-section-header-h\"><div class=\"w-tabs-section-title\">Braucht man eine \u00dcberweisung?<\/div><div class=\"w-tabs-section-control\"><\/div><\/div><\/a><div class=\"w-tabs-section-content\"><div class=\"w-tabs-section-content-h i-cf\">\r\n\t<div class=\"wpb_text_column \">\r\n\t\t<div class=\"wpb_wrapper\">\r\n\t\t\t<p>Nein. Chiro Siegburg ist eine reine Privatpraxis und es ist keine \u00dcberweisung notwendig.<\/p>\n\r\n\t\t<\/div>\r\n\t<\/div>\r\n<\/div><\/div><\/div><div class=\"w-tabs-section\" id=\"1544466949877-32f5c279-df85\"><a href=\"#1544466949877-32f5c279-df85\" class=\"w-tabs-section-header\" style=\"font-size:30;\"><div class=\"w-tabs-section-header-h\"><div class=\"w-tabs-section-title\">Warum kann es bei einer Behandlung ``knacksen``?<\/div><div class=\"w-tabs-section-control\"><\/div><\/div><\/a><div class=\"w-tabs-section-content\"><div class=\"w-tabs-section-content-h i-cf\">\r\n\t<div class=\"wpb_text_column \">\r\n\t\t<div class=\"wpb_wrapper\">\r\n\t\t\t<p>In der Gelenkfl\u00fcssigkeit k\u00f6nnen sich kleine Gasbl\u00e4schen bilden, die durch die Justierung des Chiropraktikers in sich zusammenfallen, somit kann bei der Behandlung ein knackendes Ger\u00e4usch entstehen, welches vollkommen harmlos ist. Das Ger\u00e4usch ist im \u00dcbrigen kein<\/p>\n\r\n\t\t<\/div>\r\n\t<\/div>\r\n<\/div><\/div><\/div><div class=\"w-tabs-section\" id=\"1544466998377-23e9aca0-1cff\"><a href=\"#1544466998377-23e9aca0-1cff\" class=\"w-tabs-section-header\" style=\"font-size:30;\"><div class=\"w-tabs-section-header-h\"><div class=\"w-tabs-section-title\">K\u00f6nnen Gelenke ``ausleiern``?<\/div><div class=\"w-tabs-section-control\"><\/div><\/div><\/a><div class=\"w-tabs-section-content\"><div class=\"w-tabs-section-content-h i-cf\">\r\n\t<div class=\"wpb_text_column \">\r\n\t\t<div class=\"wpb_wrapper\">\r\n\t\t\t<p>Nein. Ein Chiropraktiker justiert gezielt nur die blockierten Gelenke, sodass deren Gelenkfl\u00e4chen wieder aufeinander liegen und sich Sehnen und B\u00e4nder, welche um die Gelenkkapsel angeordnet sind, auch wieder in optimaler Funktionsstellung sind. Dadurch kommt es nicht weiter zu Verk\u00fcrzungen oder \u00dcberdehnungen dieser B\u00e4nder und Sehnen.<\/p>\n\r\n\t\t<\/div>\r\n\t<\/div>\r\n<\/div><\/div><\/div><div class=\"w-tabs-section\" id=\"1544467027584-af5d3eed-5463\"><a href=\"#1544467027584-af5d3eed-5463\" class=\"w-tabs-section-header\" style=\"font-size:30;\"><div class=\"w-tabs-section-header-h\"><div class=\"w-tabs-section-title\">Tut die Behandlung weh?<\/div><div class=\"w-tabs-section-control\"><\/div><\/div><\/a><div class=\"w-tabs-section-content\"><div class=\"w-tabs-section-content-h i-cf\">\r\n\t<div class=\"wpb_text_column \">\r\n\t\t<div class=\"wpb_wrapper\">\r\n\t\t\t<p>Nein. Viele Patienten berichten, dass sie die sanften Grifftechniken eher als angenehm empfinden. Besonders dann, wenn, was h\u00e4ufig der Fall ist, eine spontane Verbesserung der Beschwerden eintritt.<\/p>\n\r\n\t\t<\/div>\r\n\t<\/div>\r\n<\/div><\/div><\/div><div class=\"w-tabs-section\" id=\"1544467056954-e7d663f8-0ec8\"><a href=\"#1544467056954-e7d663f8-0ec8\" class=\"w-tabs-section-header\" style=\"font-size:30;\"><div class=\"w-tabs-section-header-h\"><div class=\"w-tabs-section-title\">Was sind die Nebenwirkungen der Behandlung?<\/div><div class=\"w-tabs-section-control\"><\/div><\/div><\/a><div class=\"w-tabs-section-content\"><div class=\"w-tabs-section-content-h i-cf\">\r\n\t<div class=\"wpb_text_column \">\r\n\t\t<div class=\"wpb_wrapper\">\r\n\t\t\t<p>Es kann vorkommen, dass Du nach einer Behandlung f\u00fcr ein oder zwei Tage Muskelkater bekommst. Bei der Behandlung von Kopfschmerzen kann die direkte Folge eines Termins ein angestrengtes Gef\u00fchl, oder sogar ein leichter Kopfschmerz sein. Der Grund hierf\u00fcr ist die intensive Arbeit an verspannten und verh\u00e4rteten Strukturen, welche sich w\u00e4hrend der Behandlung lockern und st\u00e4rker durchbluten. Dieser Vorgang wird als positive Erstverschlimmerung bezeichnet.<\/p>\n\r\n\t\t<\/div>\r\n\t<\/div>\r\n<\/div><\/div><\/div><div class=\"w-tabs-section\" id=\"1544467085932-89232c32-1e3d\"><a href=\"#1544467085932-89232c32-1e3d\" class=\"w-tabs-section-header\" style=\"font-size:30;\"><div class=\"w-tabs-section-header-h\"><div class=\"w-tabs-section-title\">Welche Risiken bestehen w\u00e4hrend der Behandlung?<\/div><div class=\"w-tabs-section-control\"><\/div><\/div><\/a><div class=\"w-tabs-section-content\"><div class=\"w-tabs-section-content-h i-cf\">\r\n\t<div class=\"wpb_text_column \">\r\n\t\t<div class=\"wpb_wrapper\">\r\n\t\t\t<p>Die Chiropraktik stellt eine risikoarme Behandlung dar. Dabei ist allerdings darauf zu achten, dass die Behandlung von einem qualifizierten Chiropraktiker vorgenommen wird. Wenn eine Diagnose zeigt, dass die Beschwerden nicht in den Kompetenzbereich des Chiropraktikers fallen, wird dieser Dich immer an einen Spezialisten \u00fcberweisen.<\/p>\n\r\n\t\t<\/div>\r\n\t<\/div>\r\n<\/div><\/div><\/div><div class=\"w-tabs-section\" id=\"1544467119213-c9b8c6ec-846e\"><a href=\"#1544467119213-c9b8c6ec-846e\" class=\"w-tabs-section-header\" style=\"font-size:30;\"><div class=\"w-tabs-section-header-h\"><div class=\"w-tabs-section-title\">Wie viele Behandlungen sind n\u00f6tig?<\/div><div class=\"w-tabs-section-control\"><\/div><\/div><\/a><div class=\"w-tabs-section-content\"><div class=\"w-tabs-section-content-h i-cf\">\r\n\t<div class=\"wpb_text_column \">\r\n\t\t<div class=\"wpb_wrapper\">\r\n\t\t\t<p>Die Anzahl der Behandlungen ist immer abh\u00e4ngig von der Schwere der Beschwerden und ob diese chronisch sind. Dabei ist es wichtig zu wissen, dass dabei nicht nur die Schmerzreduktion, sondern die Stabilisierung der betroffenen Strukturen erreicht werden soll.<\/p>\n\r\n\t\t<\/div>\r\n\t<\/div>\r\n<\/div><\/div><\/div><\/div><\/div><\/div><\/div><\/div><\/div><\/div><\/div><\/section>\n","protected":false},"excerpt":{"rendered":"Wer tr\u00e4gt die Kosten der Behandlung?Braucht man eine \u00dcberweisung?Warum kann es bei einer Behandlung ``knacksen``?K\u00f6nnen Gelenke ``ausleiern``?Tut die Behandlung weh?Was sind die Nebenwirkungen der Behandlung?Welche Risiken bestehen w\u00e4hrend der Behandlung?Wie viele Behandlungen sind n\u00f6tig?Wer tr\u00e4gt die Kosten der Behandlung? Wir rechnen nach der Geb\u00fchrenordnung f\u00fcr Heilpraktiker (Geb\u00fcH) ab. Gesetzliche Krankenkassen \u00fcbernehmen die Kosten f\u00fcr chiropraktische...","protected":false},"author":1,"featured_media":0,"parent":0,"menu_order":0,"comment_status":"closed","ping_status":"closed","template":"","meta":{"footnotes":""},"class_list":["post-2013","page","type-page","status-publish","hentry"],"aioseo_notices":[],"_links":{"self":[{"href":"https:\/\/chiro-siegburg.de\/index.php?rest_route=\/wp\/v2\/pages\/2013","targetHints":{"allow":["GET"]}}],"collection":[{"href":"https:\/\/chiro-siegburg.de\/index.php?rest_route=\/wp\/v2\/pages"}],"about":[{"href":"https:\/\/chiro-siegburg.de\/index.php?rest_route=\/wp\/v2\/types\/page"}],"author":[{"embeddable":true,"href":"https:\/\/chiro-siegburg.de\/index.php?rest_route=\/wp\/v2\/users\/1"}],"replies":[{"embeddable":true,"href":"https:\/\/chiro-siegburg.de\/index.php?rest_route=%2Fwp%2Fv2%2Fcomments&post=2013"}],"version-history":[{"count":5,"href":"https:\/\/chiro-siegburg.de\/index.php?rest_route=\/wp\/v2\/pages\/2013\/revisions"}],"predecessor-version":[{"id":2195,"href":"https:\/\/chiro-siegburg.de\/index.php?rest_route=\/wp\/v2\/pages\/2013\/revisions\/2195"}],"wp:attachment":[{"href":"https:\/\/chiro-siegburg.de\/index.php?rest_route=%2Fwp%2Fv2%2Fmedia&parent=2013"}],"curies":[{"name":"wp","href":"https:\/\/api.w.org\/{rel}","templated":true}]}}